 + 3 = 0, -20*n + 21*n = 3*d + 20. Give w(n).
-4
Let u(k) be the first derivative of k**2 - 45. Give u(-2).
-4
Suppose -10*n = -7*n + 99. Let t = 32 + n. Let u(m) = -7*m**2 - 1. Give u(t).
-8
Let r(f) = f**3 + 12*f**2 - 86*f + 43*f - 2 + 37*f - 12*f**2. What is r(3)?
7
Let n(g) = 4*g**3 + 5*g - 1 - 30*g**2 + 13*g**2 + 3 + 14*g**2 - 3*g. Give n(2).
26
Let q(c) = -c. Let b(f) = f**3 + 3. Let g be b(0). Suppose -4*l + 0*y - 12 = 5*y, 3*l - 5*y = -44. Let r = g + l. Give q(r).
5
Let w(s) be the first derivative of -s**3/3 + 11*s**2/2 + 83. Calculate w(10).
10
Let f(m) = 4*m + 15. Let g be f(-4). Let w be g - ((5 - 8) + 13). Let q(s) = -s**3 - 12*s**2 - 12*s - 7. Determine q(w).
4
Let r(f) = 19*f**3 - 26*f**2 + 19*f - 11. Let o(d) = -7*d**3 + 9*d**2 - 7*d + 4. Let c(s) = -11*o(s) - 4*r(s). Determine c(-5).
-5
Let y(z) = z**2 - 3*z + 4. Suppose -11*g + 9*g + 4 = 0. What is y(g)?
2
Let t(r) = -r**3 - 2*r**2 - r. Let w be t(-2). Let x(o) = w*o**2 + o**3 - 1 + 2*o**3 - o**2. Let k(n) = -2*n**2 + 2*n - 1. Let m be k(1). What is x(m)?
-3
Suppose 15*p = 11*p + 20. Let w(l) = l**2 - 4*l + 1. Determine w(p).
6
Let o = -5 - -9. Suppose z = 3*x + o - 17, -4 = 4*z. Let v(s) = s**2 - 4*s + 1. What is v(x)?
1
Let y(j) = -2*j**3 + 11*j**2 + 4*j + 10. Let k(p) = 3*p**3 - 21*p**2 - 7*p - 19. Let h(n) = 3*k(n) + 5*y(n). Let q = -62 + 39. Let m be q/3 - 2/6. What is h(m)?
1
Let a = 46 - 40. Let m(k) = 5 - a - 3 + 2*k + 3. Give m(2).
3
Let a(t) be the first derivative of t**4/4 + 7*t**3/3 - 9*t**2/2 - t + 1058. Let j(o) = 8*o. Let f be j(-1). Determine a(f).
7
Let c(h) = 29*h - 5. Let u(z) = -23*z + 4. Let w(k) = -4*c(k) - 5*u(k). Suppose -8 = -3*y + b, -y + b - 14 = 4*b. What is w(y)?
-1
Let d be 1008/20 + 0 - 4/10. Let u = -50 + d. Let q(m) be the first derivative of -m**2/2 + m + 1. Give q(u).
1
Let z = -35 - -25. Let q be 4/(-10) - 4/z. Let a(w) = 0*w + w - 14 - 9 + 31 - 12. Calculate a(q).
-4
Let p(v) be the first derivative of v**2 + 2*v + 1. Let w(a) = -22*a + 93. Let s be w(4). Calculate p(s).
12
Let f(i) = -3*i - 4. Let p(z) = -z**2 - 20*z - 35. Let t be p(-18). Suppose 3*s - 5*u + 4 = -0*s, 4*u = s - t. Give f(s).
5
Let t(d) = -1 + 1 - 4381*d + 4370*d + 1. What is t(1)?
-10
Let n(r) = 1. Let i be ((-4)/(-6))/((-26)/39). Let k(l) = -l + 16. Let h(s) = i*k(s) + 4*n(s). Give h(5).
-7
Let n(i) = -i**3 - 6*i**2 - 3*i + 4. Let m(a) = a**2 + 5. Let r be m(-4). Let p = -11 + r. Suppose -6*z + p = -4*z, 5*z - 20 = -k. Calculate n(k).
-6
Let g(d) = d**3 + 8*d**2 + 10*d - 8. Suppose 4*w + 19 = -5*q, 11*w + 25 = 6*w - 5*q. Calculate g(w).
4
Let x(p) = 41*p - 11*p - 16*p + 10 - 12*p. Determine x(-8).
-6
Let k(o) be the first derivative of -o**4/4 - 2*o**3 - 3*o**2 - 9*o - 663. Give k(-4).
-17
Let m(p) = -p**3 - 8*p**2 - 8*p - 10. Suppose s + 10 = 13. Let v = -4 - 1. Let h be v + s/((-6)/4). Calculate m(h).
-3
Let x(p) = -p**3 - p - 5. Let w(r) = -r**2. Let q(o) = -o**3 - o**2 - 1. Let y(u) = -q(u) + 3*w(u). Let a be y(1). What is x(a)?
-5
Let w(o) = -o**2 - 4*o - 3. Suppose -g + 10 = -6*g. Calculate w(g).
1
Let m = 137 - 137. Let i(r) = r**2 - r. Determine i(m).
0
Let l = 1 + -3. Let y(g) = -g + 1. Let f(q) = q - 2. Let x(k) = f(k) - 3*y(k). Let c(p) = -2*p + 2. Let b(h) = -5*c(h) - 2*x(h). What is b(l)?
-4
Let k(w) = 84*w**3 - 11*w - 2*w**2 - 3 - 9 - 85*w**3 + 10*w**2. Calculate k(6).
-6
Let v(f) = f - 4. Let b(l) = 5*l - 15. Let z(d) = -b(d) + 6*v(d). Calculate z(13).
4
Let n(k) be the second derivative of 5*k**4/24 + k**3/6 - 9*k**2 + 11*k. Let j(q) be the first derivative of n(q). What is j(1)?
6
Suppose -42 = j + 4*n, 5*j = 4*n - 102 - 60. Let t = j - -36. Let h(y) = y**3 - 2*y**2 + 3*y - 3. What is h(t)?
3
Let x(w) = -w**3 + 2*w**2 + 4*w - 1. Suppose -h + 15 + 6 = -2*f, -105 = -4*h + f. Let c = h + -24. What is x(c)?
2
Let s(r) = 3*r - 5. Let k(q) = 1. Let w(j) = -3*k(j) - s(j). Suppose 2*i = -0*i - 18. Let d = i + 13. What is w(d)?
-10
Let o(c) = c**3 + 5*c**2 - 2*c + 7. Suppose 157*u - 130 = 183*u. Determine o(u).
17
Let q(f) = -f**2 + 2. Suppose 2*x - 3*a + 19 = 0, 3*x = -5*a - 16 - 3. Let u = x + 10. Determine q(u).
-2
Let h(v) = -v - 1. Let r(s) be the third derivative of s**6/20 + s**4/24 + s**3/6 + s**2. Let q be (56/(-35))/((-2)/5) + -5. Let c be r(q). What is h(c)?
5
Let w(o) be the first derivative of o**5/40 + o**4/12 - o**3 - 3. Let l(f) be the third derivative of w(f). Let y be (-39)/9 + 4/(-6). Determine l(y).
-13
Suppose l = -0 - 1. Suppose -2*g = -9 + 5. Let z(f) = -4 - 1 + 13*f + 4 + g. Determine z(l).
-12
Let k(p) = -3*p + 40. Let l(o) = 17*o + 14. Let y be l(0). Give k(y).
-2
Let g(t) = t**3 - t**2 + t + 1. Let q(u) = -2*u + 11. Let i be q(5). Let z(w) = 9*w**3 - 4*w**2 + 6*w + 3. Let o(l) = i*z(l) - 4*g(l). Calculate o(1).
6
Suppose 3*o - 15 = -2*o. Let c(r) be the second derivative of -r**6/360 + r**5/60 - 23*r**4/12 - 3*r. Let q(a) be the third derivative of c(a). Give q(o).
-4
Suppose b + b - 5*d + 15 = 0, 5*b + 5*d = 15. Suppose -n + 10 - 9 = b. Let r(y) = -2*y**2 + y. What is r(n)?
-1
Let a be (6 - (1 + 2)) + 2. Suppose a*b - 17 = 58. Let z(k) = -k**3 + 2 - b*k - 7*k**2 + 14*k + 9*k**2. What is z(2)?
0
Let h be -10 + 8 + (0 - 0). Let g(s) = -s**3 + 6*s + 3. Calculate g(h).
-1
Let p(u) be the first derivative of -5*u**2/2 + u + 3. Determine p(-1).
6
Suppose 0 = -5*j + 15, 5*h - 2 - 10 = j. Let a(x) be the second derivative of -1/2*x**h - 1/2*x**2 + x + 0. What is a(-2)?
5
Let o(k) be the first derivative of k + 1/2*k**2 - 5. Determine o(-2).
-1
Let s = -1969 - -1972. Let i(l) = -2*l. Let q(f) = -f - 1. Let d(o) = -3*i(o) + 4*q(o). What is d(s)?
2
Let p(k) = -3 + 6*k - 13*k**2 + 4*k + k**3 - 12*k + 3*k - 6. Calculate p(13).
4
Suppose -19 = -3*s + 2*y + 2*y, 0 = 3*s + 5*y - 10. Let c(i) = s*i**2 - 2*i**2 + 2*i - 1 - i**2 + i**3. Let n = -72 - -70. What is c(n)?
-5
Let x be 6*2*(-6)/(-18). Suppose x*j = 3*j. Let z(i) = -i**2 - i - 4. What is z(j)?
-4
Let h(a) = a**2 - 10*a - 9. Let c be h(11). Let j(u) = 3*u + 5 - 17*u**2 + 18*u**c - 3. What is j(-4)?
6
Suppose 9 + 4 = -3*r - 5*d, 3*d + 15 = 0. Let o(k) = r + k**3 + 2*k**2 + 3 + 1 - 4. Determine o(-3).
-5
Let q(f) be the second derivative of -f**4/12 + 7*f**2/2 - 4*f. Suppose -3*u - b = -1, -2*u + 4*b + 0*b = -24. Suppose -u*x + 0*x = 0. Determine q(x).
7
Let b(v) = -2*v - 2. Let c be (-18)/1 + (-6)/2. Let q = c + 30. Suppose q = -5*z - 6. Determine b(z).
4
Let f(o) = 801*o - 2 - 2*o**3 + o**2 + o**3 - 794*o. Give f(3).
1
Let m(x) = -x**3 + 9*x**2 - 4*x + 2. Let o(l) = 17*l + 76. Let q be o(-4). Determine m(q).
34
Let f(n) = 3 + 0*n**2 - 2*n + n - n**2. Let p be f(0). Let y(s) = -3*s + 0*s + 2*s + p. Calculate y(-3).
6
Let q be 66/4*10/15. Let s(v) = q*v - 5*v + v**3 - 5*v - 3 - 4*v**2. Determine s(4).
1
Suppose -5*u - 3*t = 9 - 1, -5*t = -3*u + 2. Let q(m) = m**3 - 5*m + 5. Let b be q(2). Let r(o) = 0*o + 0*o + 0*o + 5*o**b - 1. Calculate r(u).
-6
Let o(r) = -r**3 + 2*r**2 - 7*r + 116. Let w be o(5). Let u(j) = 5*j + 9. Determine u(w).
39
Let z be (7 + -10)/((-1)/(-1)). Let u(x) = -3*x - 65. Let d(t) = t + 23. Let q(f) = 17*d(f) + 6*u(f). Give q(z).
4
Let s = 151 + -159. Let x be (-12)/s*2/(-3). Let o(u) be the first derivative of u**4 - 2*u**3/3 + u - 1. Calculate o(x).
-5
Let f(t) = -23*t + 9 - 33*t + 58*t. Give f(-6).
-3
Let n be (-2 + (-16)/(-8))*(-2)/6. Suppose -3*j + 11 = 5. Let l(w) = 5*w**2 + 0*w**j - 3*w + 6 + n*w**2 - w**3. Determine l(5).
-9
Let q(u) be the first derivative of -u**3/3 + 4*u**2 + 11*u + 56. Give q(9).
2
Let g = 2869 + -2875. Let x(v) = 5*v**2 + 9*v - 5. Let b(p) = -4*p**2 - 8*p + 5. Let d(k) = -4*b(k) - 3*x(k). Calculate d(g).
1
Let k(g) be the first derivative of g**2/2 + 4*g - 132. What is k(-6)?
-2
Let k be 0 + (-3 - (-2 - 4)). Suppose -4*p = k*u + 1, p - 20 = 4*u - 3*p. Let z = 3 - u. Let i(s) = -s**3 + 6*s**2. Determine i(z).
0
Let q(a) = -8*a**3 - 5*a**2. Let x(n) = 16*n**3 + 9*n**2 - n - 1. Let m(p) = 5*q(p) + 3*x(p). What is m(-2)?
-53
Let x(n) = n - 1. Let v(h) = 6*h + 4. Suppose 2*w - 5*g - 1 = -0*w, -2*w + 2*g = -4. Let p(s) = w*x(s) + v(s). What is p(2)?
19
Let i(c) be the first derivative of -c**4/4 + 2*c**3 - c**2 + 9*c + 33. Give i(6).
-3
Let p(l) = l. Let y(k) = -2222*k - 2224*k + 4445*k - 2. Let n = 1 + 0. Let d(t) = n*y(t) - 6*p(t). Calculate d